et p(s) = -85*s + 850. Let j be p(10). Let w(x) = -2*x + 8. Determine w(j).
8
Let m(j) = 2*j + 17. Let d = 4676 - 4661. Give m(d).
47
Suppose -4*z - 12 = j, -4*z - 4*j + 2 - 14 = 0. Let p be -4 - 2 - ((-9)/(-1))/z. Let x(g) = 3*g - 5*g + 3*g. Determine x(p).
-3
Let d(g) = -7*g - 1. Suppose -1 = 3*c - 7, 0 = 3*r - 2*c - 17. Suppose 21 = 14*q + r. Give d(q).
-8
Suppose -7*o + 5*o - 2*k = 10, -3*o + k = -1. Let a be (33/(-6))/(o/2). Let h(g) = -g**2 + 10*g + 9. Determine h(a).
-2
Let k(v) = 14520*v**2 - 4*v**3 + 14522*v**2 - 105 - 29032*v**2 - v - 10*v + 5*v**3. Determine k(-10).
5
Let x be 1/(((-4)/(-4))/2). Let g(h) = h**3 - 4*h**2 + h**x - 2 - 3 - h + 0*h**3. Let p(m) = 2*m - 2. Let w be p(3). Calculate g(w).
7
Let b(d) = 4*d**2 - 5*d - 20. Let f(x) = -x**2 + x + 5. Let j(h) = -2*b(h) - 9*f(h). Let i = 226 - 222. Let n(p) = p - 1. Let k(y) = i*n(y) - j(y). Give k(6).
-17
Let j(b) = b + 6. Let r(n) = 8*n + 17. Let o be r(2). Let d be o/(-22)*(-2 + (-42)/(-9)). Give j(d).
2
Suppose -2*w = 3*w + 2*d + 29, -5*d - 10 = 0. Let z be 1 - -2*(8 - 6). Let u(f) = -2*f**3 + 3*f**3 - 11 + z + 4 + 6*f**2 + 3*f. Give u(w).
8
Suppose -3*h = -4*n + 7, 5*n + 9 = -h + 8*n. Let a(s) = 1 - 5*s - 3 - h + 4 - 2*s. Determine a(2).
-15
Let l(g) = -7*g**3 + 78*g**2 - 271*g - 191. Let p(j) = 11*j**3 - 117*j**2 + 406*j + 290. Let t(o) = 8*l(o) + 5*p(o). Give t(35).
-8
Let c = 37889/2 + -18942. Let d(b) be the first derivative of 21 - c*b**2 + 1/3*b**3 - 5*b. Give d(7).
9
Let o(v) = v**3 + 17*v**2 + 16*v + 3. Let j = -494 + 495. Let c be 5 + -4 + -18 + j. Determine o(c).
3
Let u(j) = j - 22. Let n(x) = -5*x**2 + 6*x + 6. Let p be n(-4). Let y = p - -108. What is u(y)?
-12
Let v be (-294)/35 - -6 - (-44)/110. Let h(g) = -4*g**2 + 59*g + 119. Give h(v).
-15
Let h(j) = -978*j**2 - j**3 - 8*j + 486*j**2 + 9 + 483*j**2. Let n be -10 + 6 + (40/(-5))/2. Determine h(n).
9
Let y(w) be the second derivative of w**5/20 + 3*w**4/2 + 38*w**3/3 + 10*w**2 - 4009*w. Determine y(-6).
-4
Suppose 3*v = 10 + 15 - 7. Let q(u) be the second derivative of -u**3/3 - u**2 - 5*u. Calculate q(v).
-14
Let n(k) = k + 5. Suppose 0 = 21*v + 34 - 13. Let g(y) = 2*y - 2. Let m be g(v). Determine n(m).
1
Let n = -22 - -24. Let z be n/4 + (-6 - 55/(-10)). Let i be z*(5 + -3 + -1). Let j(m) = m**2 - 5. What is j(i)?
-5
Let n be (1 - 1) + 10 + -205. Let x = -198 - n. Let o(d) be the first derivative of -5*d**2/2 + 3*d + 1. Calculate o(x).
18
Let m(v) be the first derivative of v**6/120 - v**5/6 + v**4/3 + 2*v**3/3 + 205*v**2/2 - 64. Let w(h) be the second derivative of m(h). What is w(9)?
-5
Let g(c) be the third derivative of c**7/2520 - c**6/720 + c**5/30 - 13*c**3/6 + 277*c**2. Let v(s) be the third derivative of g(s). Give v(2).
3
Let f(m) = -186*m + 662. Let a(g) = 62*g - 224. Let u(d) = 11*a(d) + 4*f(d). Give u(3).
-2
Let b be ((-28)/(-21) + 0)*(2 + 2 - -5). Let o(c) = c**3 - 11*c**2 - 11*c - 5. What is o(b)?
7
Let r(m) = -9*m - 2. Let o(u) = 2*u**2 - 147*u + 867. Let z be o(67). What is r(z)?
34
Let g(b) = 5*b**3 + 3*b - 2. Let o = -1982 + 1983. Calculate g(o).
6
Let w = -30 + 29. Let o(k) = 10*k + 3. Let b be o(w). Let g(d) = -8*d**2 + 75 - d**3 - 3*d - d - 3*d - 73. What is g(b)?
2
Let z(k) = 3*k**2 + 32*k + 57. Let l(p) = 326*p + 8148. Let m be l(-25). Determine z(m).
5
Let v(r) be the second derivative of 0 - 6*r**2 - 194*r + 1/2*r**3. Give v(5).
3
Let f(c) = -4 + 0*c**2 + 5 - c + 3*c + c**3 - c**2. Suppose 3*g - 12 = 0, -12*w - 14 = -7*w - g. Give f(w).
-15
Let r be 1*16 - (1 - 0). Suppose 3*m = -4*s + 18, 5 = 3*s - m - r. Let z(g) = -g + 9. What is z(s)?
3
Let p be (2*3/(-24))/(1/(-24)). Suppose -4*h = -0*h + 3*l - 32, 4*l = -5*h + 41. Let u(f) = 0 + f**3 + h*f**2 - 2*f**3 + 1 + 5*f. Determine u(p).
-5
Let g = -12 - -16. Let i be -4*(1/g + 1). Let o(c) = 2*c + 8*c - 6*c + c - 6 - 3*c. Give o(i).
-16
Let p(o) = -2*o + 6. Let x(z) = -2*z**2 + 27*z - 35. Let y(i) = 5*p(i) + x(i). Give y(9).
-14
Let z(t) = -6*t - 9. Let w(x) be the first derivative of -2*x**2 - 8*x + 9. Let y(o) = 5*w(o) - 4*z(o). Let h be (-6)/(-6*(-2)/(-8)). Determine y(h).
12
Let n(f) = -2*f**3 - 16*f**2 - 2*f - 13. Let l be n(-8). Let o(d) = 6*d + 12*d + l*d - 23*d. What is o(1)?
-2
Let a = -84 - -87. Let m(y) = 2 + 9*y + 6 - 8 + 5. Let d(l) = l + 1. Let v(t) = 4*d(t) - m(t). Determine v(a).
-16
Let s(q) = -3*q**3 + 16*q**2 - 25*q + 35. Let c(z) = -4*z**3 + 17*z**2 - 24*z + 36. Let x(y) = 2*c(y) - 3*s(y). What is x(12)?
3
Suppose -g + 41 = -0*u - 4*u, u = -2*g - 8. Let o(y) = 3*y + 5. Determine o(u).
-25
Let n be -10*18/135*27/(-6). Suppose n*j = 92 + 10. Let g(v) = v**2 - 17*v - 4. Give g(j).
-4
Let h(f) = 6*f - 6*f**2 + 1 - f**3 - 22*f + 8*f + 9*f + 2*f**2. Calculate h(-4).
-3
Let s(r) = -r**3 - 9*r**2 + 12*r + 14. Let b = -173 + 183. Suppose b*v + 60 = 4*v. Calculate s(v).
-6
Let x(t) = 29*t + 373. Let u(z) = 19*z + 226. Let n(q) = -8*u(q) + 5*x(q). Calculate n(8).
1
Let u = 1307 + -1310. Let p(z) = 2*z**2 + 3*z - 13. Give p(u).
-4
Let z(c) be the third derivative of c**7/1680 - 7*c**5/15 + 8*c**2. Let a(x) be the third derivative of z(x). Suppose -12*q - 2*q = -14. Determine a(q).
3
Let f(t) = 5*t + 3. Let w(l) be the first derivative of -l**4/4 - l**2 + 5*l - 33. Let h be w(0). Calculate f(h).
28
Let v = 5 - 1. Let w be v/8*(-1 + 1). Let x(s) = 3*s + 7*s - 22 + 8*s - s**2 - 17*s + 25. Give x(w).
3
Let t(r) = -r - 1. Let f be 6/(-3*(-1)/4). Suppose 2*m = -2*m + f. Suppose -18 + 8 = -m*b. Give t(b).
-6
Let h(v) be the second derivative of 0 + 0*v**3 + 5*v**2 + 1/12*v**4 + 4*v. Let p = -676 - -676. What is h(p)?
10
Let i(p) = 4*p**3 + 2*p**2 + 1. Let z(a) be the third derivative of a**5/20 - a**4/6 - a**3/3 + 28*a**2 - 3*a. Let f be z(0). Give i(f).
-23
Let l(y) = y**3 - 24*y**2 + 84*y - 14. Let a be l(4). Let f(k) be the first derivative of -k**2/2 + 4. Calculate f(a).
-2
Let h(w) be the third derivative of w**6/120 + 19*w**5/60 + w**4/24 + 3*w**3 + 871*w**2. Calculate h(-19).
-1
Let d be (-40)/(-220) + (4 - 145/11). Let b(y) = -y**2 - 15*y - 20. Determine b(d).
34
Let m = 7 - 11. Let a(j) = -5*j**2 + j + 2. Let r(v) = 4*v**2 - 2. Let l(i) = m*r(i) - 3*a(i). Let u be 12 - -7*(-240)/168. Calculate l(u).
-8
Let p(b) be the first derivative of -b**4/4 + 4*b**3/3 - b**2/2 + 9*b - 1534. What is p(4)?
5
Let t be 36/10 + (-2)/(-5). Let k be (2/12*-3)/(6/(-36)). Let l be 8/t - (k - 4). Let f(b) = -b**2 + b - 4. Determine f(l).
-10
Let f(p) = -p**2 - 11*p - 1. Let x(n) = -140*n + 30 - 112*n + 249*n. Let v be x(13). Give f(v).
17
Let f(v) = -33*v**3 - 2*v + 80*v**3 - 5*v**3 - 1. Calculate f(-1).
-41
Let s(p) = -p**3 + 12*p**2 + 2*p - 26. Let d(g) = g**2 - 17*g + 42. Let a be d(15). What is s(a)?
-2
Let c(o) = -o**2 - o - 1. Suppose 15*v - 27*v = 12. Let p(z) = z**3 - z**2 - 5*z. Let m(n) = v*p(n) + 6*c(n). Give m(-5).
-1
Let h be 17*(-6)/24*-4. Let m(l) be the third derivative of l**6/120 - 17*l**5/60 + l**4/24 - 7*l**3/2 - 2*l**2 - 34*l. Calculate m(h).
-4
Suppose -27*n - 123*n - 1600 = -5050. Let c(q) = -q**3 + 23*q**2 - q + 46. Give c(n).
23
Let x(p) = -8*p - 4. Let y be x(-1). Let q(i) = 4*i**3 + 11*i**2 + i - 7. Let s(h) = -3*h**3 - 10*h**2 - h + 7. Let l(u) = y*q(u) + 5*s(u). Calculate l(6).
1
Let h be 1*2*-1 - (-1695)/15. Let n = h - 109. Let t(j) = j**2 - 3*j. Determine t(n).
-2
Let n(m) = -38*m**3 - 4*m**2 - 28*m + 22. Let c(r) = 17*r**3 + 3*r**2 + 14*r - 12. Let t(f) = -9*c(f) - 4*n(f). What is t(-9)?
-16
Let o(p) = -3*p + 14. Suppose 5*j + 8 + 2 = 0. Let k(d) = -7*d + 31. Let r(u) = j*k(u) + 5*o(u). Determine r(-12).
20
Let l(t) = -17 + 125*t - 34*t - 41*t - 44*t + 1 - 2*t**2. Give l(2).
-12
Suppose -23*s - 13 = 79. Let t be s/6*(-177)/(-118). Let q(k) = -20*k**3 - k**2 + k + 1. Give q(t).
19
Let f = -964 + 970. Let u(p) be the second derivative of p**6/720 + p**5/60 + p**4/3 + 4*p. Let s(v) be the third derivative of u(v). Give s(f).
8
Let z(p) = 12*p**2 - 8*p - 13. Suppose -71 = -4*h + 2*v - 83, h = -4*v + 6. Give z(h).
51
Let n(u) = 8*u - 10. Let l(g) = -g + 7. Let t(c) = 4*l(c) + n(c). Give t(-6).
-6
Let o(q) = -6*q - 42. Let r(a) be the second derivative of -3*a**3 - 63*a**2 - 55*a. Let b(k) = -17*o(k) + 6*r(k). What is b(-8)?
6
Let l(v) be the third derivative of -v**6/360 + v**5/15 - v**4/6 + v**3 + 15*v**2 - 3*v